{"id":485,"date":"2024-07-10T09:57:02","date_gmt":"2024-07-10T07:57:02","guid":{"rendered":"https:\/\/www.adquation-em.fr\/?page_id=485"},"modified":"2025-09-22T19:22:39","modified_gmt":"2025-09-22T17:22:39","slug":"notre-engagement-rse","status":"publish","type":"page","link":"https:\/\/www.adquation-em.fr\/?page_id=485","title":{"rendered":"Notre engagement RSE"},"content":{"rendered":"<h2><strong>Notre engagement RSE<\/strong><\/h2>\n<h2>ENSEMBLE VERS DES ETUDES MARKETING DURABLES<\/h2>\n<p>\t\tDepuis plusieurs ann\u00e9es, nous avons \u00e0 c\u0153ur d\u2019accompagner nos clients et partenaires dans la dur\u00e9e.<\/p>\n<p>La r\u00e9alisation d&rsquo;\u00e9tudes de mani\u00e8re responsable et engag\u00e9e, nous anime tout particuli\u00e8rement chez ADquation. Pouss\u00e9e par la direction et la volont\u00e9 d\u2019un groupe de travail d\u00e9di\u00e9, une politique RSE se construit chaque jour, de mani\u00e8re transversale \u00e0 l&rsquo;entreprise afin que chacun \u00e0 son \u00e9chelle puisse apporter sa pierre \u00e0 l&rsquo;\u00e9difice. Nous d\u00e9veloppons des actions, s\u2019inscrivant dans un cadre visionnaire et global pour nos collaborateurs AD, nos fournisseurs etpartenaires, nos clients et notre territoire.<\/p>\n<p>Notre engagement s&rsquo;illustre notamment par le suivi et l\u2019accompagnement de notre d\u00e9marche par Ecovadis dont l&rsquo;\u00e9valuation porte sur 21 points regroup\u00e9s en 4 th\u00e9matiques (Environnement, Social &amp; Droits humains, Ethique et Achats responsables). <\/p>\n<p>La premi\u00e8re action a \u00e9t\u00e9 la cr\u00e9ation de la Team\u2019RSE, constitu\u00e9e en 2023 pour incarner et porter le projet RSE de notre soci\u00e9t\u00e9 ADquation et Data Intelligence. C\u2019est une \u00e9quipe compos\u00e9e de 4 membres riche en diversit\u00e9\u00a0 d\u2019\u00e2ge de niveau hi\u00e9rarchique et d\u2019expertises au sein de l\u2019entreprise mais partageant une m\u00eame conviction celle de faire bouger les choses.<\/p>\n<p>Les membres de l\u2019\u00e9quipe embarque et coordonne les actions des personnes impliqu\u00e9es dans la d\u00e9marche<\/p>\n<p>\u00a0<\/p>\n<p>Quelques exemples d\u2019action mises en place, sur les 4 piliers de la RSE :<\/p>\n<ol>\n<li>PILIER SOCIETAL :\n<ul>\n<li>sensibilisation aux personnes en situation de handicap (semaine du handicap)<\/li>\n<\/ul>\n<\/li>\n<li>PILIER ENVIRONNEMENTAL :\n<ul>\n<li>Traitement des d\u00e9chets<\/li>\n<li>Certification num\u00e9rique responsable<\/li>\n<li>Economies d\u2019\u00e9nergie (objectif de r\u00e9duction d\u2019\u00e9nergie, pr\u00e9vention)<\/li>\n<li>D\u00e9placements professionnels et domicile-travail responsables<\/li>\n<\/ul>\n<\/li>\n<li>PILIER ETHIQUE\n<ul>\n<li>Engagements RGPD sur l\u2019utilisation et la conservation des donn\u00e9es<\/li>\n<\/ul>\n<\/li>\n<li>PILIER SOCIAL &amp; BIEN ETRE AU TRAVAIL\n<ul>\n<li>Bien-\u00eatre au travail : Propositions d\u2019une s\u00e9rie de webinaires sur le bien-\u00eatre au travail, accord t\u00e9l\u00e9travail, am\u00e9nagement du temps de travail<\/li>\n<li>Formations et \u00e9volutions internes<\/li>\n<\/ul>\n<\/li>\n<\/ol>\n","protected":false},"excerpt":{"rendered":"<p>Notre engagement RSE ENSEMBLE VERS DES ETUDES MARKETING DURABLES Depuis plusieurs ann\u00e9es, nous avons \u00e0 c\u0153ur d\u2019accompagner nos clients et partenaires dans la dur\u00e9e. La r\u00e9alisation d&rsquo;\u00e9tudes de mani\u00e8re responsable et engag\u00e9e, nous anime tout particuli\u00e8rement chez ADquation. Pouss\u00e9e par la direction et la volont\u00e9 d\u2019un groupe de travail d\u00e9di\u00e9, [&hellip;]<\/p>\n","protected":false},"author":1,"featured_media":0,"parent":0,"menu_order":0,"comment_status":"closed","ping_status":"closed","template":"page-templates\/template-pagebuilder-full-width.php","meta":{"footnotes":""},"class_list":["post-485","page","type-page","status-publish","hentry"],"yoast_head":"<!-- This site is optimized with the Yoast SEO plugin v24.0 - https:\/\/yoast.com\/wordpress\/plugins\/seo\/ -->\n<title>Notre engagement RSE - Adquation Etudes et Data Intelligence<\/title>\n<meta name=\"robots\" content=\"index, follow, max-snippet:-1, max-image-preview:large, max-video-preview:-1\" \/>\n<link rel=\"canonical\" href=\"https:\/\/www.adquation-em.fr\/?page_id=485\" \/>\n<meta property=\"og:locale\" content=\"fr_FR\" \/>\n<meta property=\"og:type\" content=\"article\" \/>\n<meta property=\"og:title\" content=\"Notre engagement RSE - Adquation Etudes et Data Intelligence\" \/>\n<meta property=\"og:description\" content=\"Notre engagement RSE ENSEMBLE VERS DES ETUDES MARKETING DURABLES Depuis plusieurs ann\u00e9es, nous avons \u00e0 c\u0153ur d\u2019accompagner nos clients et partenaires dans la dur\u00e9e. La r\u00e9alisation d&rsquo;\u00e9tudes de mani\u00e8re responsable et engag\u00e9e, nous anime tout particuli\u00e8rement chez ADquation. Pouss\u00e9e par la direction et la volont\u00e9 d\u2019un groupe de travail d\u00e9di\u00e9, [&hellip;]\" \/>\n<meta property=\"og:url\" content=\"https:\/\/www.adquation-em.fr\/?page_id=485\" \/>\n<meta property=\"og:site_name\" content=\"Adquation Etudes et Data Intelligence\" \/>\n<meta property=\"article:modified_time\" content=\"2025-09-22T17:22:39+00:00\" \/>\n<meta name=\"twitter:card\" content=\"summary_large_image\" \/>\n<meta name=\"twitter:label1\" content=\"Dur\u00e9e de lecture estim\u00e9e\" \/>\n\t<meta name=\"twitter:data1\" content=\"2 minutes\" \/>\n<script type=\"application\/ld+json\" class=\"yoast-schema-graph\">{\"@context\":\"https:\/\/schema.org\",\"@graph\":[{\"@type\":\"WebPage\",\"@id\":\"https:\/\/www.adquation-em.fr\/?page_id=485\",\"url\":\"https:\/\/www.adquation-em.fr\/?page_id=485\",\"name\":\"Notre engagement RSE - Adquation Etudes et Data Intelligence\",\"isPartOf\":{\"@id\":\"https:\/\/www.adquation-em.fr\/#website\"},\"datePublished\":\"2024-07-10T07:57:02+00:00\",\"dateModified\":\"2025-09-22T17:22:39+00:00\",\"breadcrumb\":{\"@id\":\"https:\/\/www.adquation-em.fr\/?page_id=485#breadcrumb\"},\"inLanguage\":\"fr-FR\",\"potentialAction\":[{\"@type\":\"ReadAction\",\"target\":[\"https:\/\/www.adquation-em.fr\/?page_id=485\"]}]},{\"@type\":\"BreadcrumbList\",\"@id\":\"https:\/\/www.adquation-em.fr\/?page_id=485#breadcrumb\",\"itemListElement\":[{\"@type\":\"ListItem\",\"position\":1,\"name\":\"Accueil\",\"item\":\"https:\/\/www.adquation-em.fr\/\"},{\"@type\":\"ListItem\",\"position\":2,\"name\":\"Notre engagement RSE\"}]},{\"@type\":\"WebSite\",\"@id\":\"https:\/\/www.adquation-em.fr\/#website\",\"url\":\"https:\/\/www.adquation-em.fr\/\",\"name\":\"Adquation Etudes et Data Intelligence\",\"description\":\"Leader des \u00e9tudes agricoles en France\",\"publisher\":{\"@id\":\"https:\/\/www.adquation-em.fr\/#organization\"},\"potentialAction\":[{\"@type\":\"SearchAction\",\"target\":{\"@type\":\"EntryPoint\",\"urlTemplate\":\"https:\/\/www.adquation-em.fr\/?s={search_term_string}\"},\"query-input\":{\"@type\":\"PropertyValueSpecification\",\"valueRequired\":true,\"valueName\":\"search_term_string\"}}],\"inLanguage\":\"fr-FR\"},{\"@type\":\"Organization\",\"@id\":\"https:\/\/www.adquation-em.fr\/#organization\",\"name\":\"Adquation Etudes et Data Intelligence\",\"url\":\"https:\/\/www.adquation-em.fr\/\",\"logo\":{\"@type\":\"ImageObject\",\"inLanguage\":\"fr-FR\",\"@id\":\"https:\/\/www.adquation-em.fr\/#\/schema\/logo\/image\/\",\"url\":\"https:\/\/www.adquation-em.fr\/wp-content\/uploads\/2024\/05\/cropped-cropped-picto-with-claim_RGB-1.png\",\"contentUrl\":\"https:\/\/www.adquation-em.fr\/wp-content\/uploads\/2024\/05\/cropped-cropped-picto-with-claim_RGB-1.png\",\"width\":2506,\"height\":2161,\"caption\":\"Adquation Etudes et Data Intelligence\"},\"image\":{\"@id\":\"https:\/\/www.adquation-em.fr\/#\/schema\/logo\/image\/\"}}]}<\/script>\n<!-- \/ Yoast SEO plugin. -->","yoast_head_json":{"title":"Notre engagement RSE - Adquation Etudes et Data Intelligence","robots":{"index":"index","follow":"follow","max-snippet":"max-snippet:-1","max-image-preview":"max-image-preview:large","max-video-preview":"max-video-preview:-1"},"canonical":"https:\/\/www.adquation-em.fr\/?page_id=485","og_locale":"fr_FR","og_type":"article","og_title":"Notre engagement RSE - Adquation Etudes et Data Intelligence","og_description":"Notre engagement RSE ENSEMBLE VERS DES ETUDES MARKETING DURABLES Depuis plusieurs ann\u00e9es, nous avons \u00e0 c\u0153ur d\u2019accompagner nos clients et partenaires dans la dur\u00e9e. La r\u00e9alisation d&rsquo;\u00e9tudes de mani\u00e8re responsable et engag\u00e9e, nous anime tout particuli\u00e8rement chez ADquation. Pouss\u00e9e par la direction et la volont\u00e9 d\u2019un groupe de travail d\u00e9di\u00e9, [&hellip;]","og_url":"https:\/\/www.adquation-em.fr\/?page_id=485","og_site_name":"Adquation Etudes et Data Intelligence","article_modified_time":"2025-09-22T17:22:39+00:00","twitter_card":"summary_large_image","twitter_misc":{"Dur\u00e9e de lecture estim\u00e9e":"2 minutes"},"schema":{"@context":"https:\/\/schema.org","@graph":[{"@type":"WebPage","@id":"https:\/\/www.adquation-em.fr\/?page_id=485","url":"https:\/\/www.adquation-em.fr\/?page_id=485","name":"Notre engagement RSE - Adquation Etudes et Data Intelligence","isPartOf":{"@id":"https:\/\/www.adquation-em.fr\/#website"},"datePublished":"2024-07-10T07:57:02+00:00","dateModified":"2025-09-22T17:22:39+00:00","breadcrumb":{"@id":"https:\/\/www.adquation-em.fr\/?page_id=485#breadcrumb"},"inLanguage":"fr-FR","potentialAction":[{"@type":"ReadAction","target":["https:\/\/www.adquation-em.fr\/?page_id=485"]}]},{"@type":"BreadcrumbList","@id":"https:\/\/www.adquation-em.fr\/?page_id=485#breadcrumb","itemListElement":[{"@type":"ListItem","position":1,"name":"Accueil","item":"https:\/\/www.adquation-em.fr\/"},{"@type":"ListItem","position":2,"name":"Notre engagement RSE"}]},{"@type":"WebSite","@id":"https:\/\/www.adquation-em.fr\/#website","url":"https:\/\/www.adquation-em.fr\/","name":"Adquation Etudes et Data Intelligence","description":"Leader des \u00e9tudes agricoles en France","publisher":{"@id":"https:\/\/www.adquation-em.fr\/#organization"},"potentialAction":[{"@type":"SearchAction","target":{"@type":"EntryPoint","urlTemplate":"https:\/\/www.adquation-em.fr\/?s={search_term_string}"},"query-input":{"@type":"PropertyValueSpecification","valueRequired":true,"valueName":"search_term_string"}}],"inLanguage":"fr-FR"},{"@type":"Organization","@id":"https:\/\/www.adquation-em.fr\/#organization","name":"Adquation Etudes et Data Intelligence","url":"https:\/\/www.adquation-em.fr\/","logo":{"@type":"ImageObject","inLanguage":"fr-FR","@id":"https:\/\/www.adquation-em.fr\/#\/schema\/logo\/image\/","url":"https:\/\/www.adquation-em.fr\/wp-content\/uploads\/2024\/05\/cropped-cropped-picto-with-claim_RGB-1.png","contentUrl":"https:\/\/www.adquation-em.fr\/wp-content\/uploads\/2024\/05\/cropped-cropped-picto-with-claim_RGB-1.png","width":2506,"height":2161,"caption":"Adquation Etudes et Data Intelligence"},"image":{"@id":"https:\/\/www.adquation-em.fr\/#\/schema\/logo\/image\/"}}]}},"jetpack_sharing_enabled":true,"_links":{"self":[{"href":"https:\/\/www.adquation-em.fr\/index.php?rest_route=\/wp\/v2\/pages\/485","targetHints":{"allow":["GET"]}}],"collection":[{"href":"https:\/\/www.adquation-em.fr\/index.php?rest_route=\/wp\/v2\/pages"}],"about":[{"href":"https:\/\/www.adquation-em.fr\/index.php?rest_route=\/wp\/v2\/types\/page"}],"author":[{"embeddable":true,"href":"https:\/\/www.adquation-em.fr\/index.php?rest_route=\/wp\/v2\/users\/1"}],"replies":[{"embeddable":true,"href":"https:\/\/www.adquation-em.fr\/index.php?rest_route=%2Fwp%2Fv2%2Fcomments&post=485"}],"version-history":[{"count":19,"href":"https:\/\/www.adquation-em.fr\/index.php?rest_route=\/wp\/v2\/pages\/485\/revisions"}],"predecessor-version":[{"id":1616,"href":"https:\/\/www.adquation-em.fr\/index.php?rest_route=\/wp\/v2\/pages\/485\/revisions\/1616"}],"wp:attachment":[{"href":"https:\/\/www.adquation-em.fr\/index.php?rest_route=%2Fwp%2Fv2%2Fmedia&parent=485"}],"curies":[{"name":"wp","href":"https:\/\/api.w.org\/{rel}","templated":true}]}}