{"id":1429,"date":"2024-09-23T11:43:14","date_gmt":"2024-09-23T09:43:14","guid":{"rendered":"https:\/\/www.adquation-em.fr\/?page_id=1429"},"modified":"2024-09-27T10:06:48","modified_gmt":"2024-09-27T08:06:48","slug":"contact_2","status":"publish","type":"page","link":"https:\/\/www.adquation-em.fr\/?page_id=1429","title":{"rendered":"Contact"},"content":{"rendered":"\t\t<div data-elementor-type=\"wp-page\" data-elementor-id=\"1429\" class=\"elementor elementor-1429\">\n\t\t\t\t<div class=\"elementor-element elementor-element-cb3d938 e-con-full e-flex e-con e-parent\" data-id=\"cb3d938\" data-element_type=\"container\" data-settings=\"{&quot;background_background&quot;:&quot;classic&quot;}\">\n\t\t<div class=\"elementor-element elementor-element-a163b5b e-flex e-con-boxed e-con e-child\" data-id=\"a163b5b\" data-element_type=\"container\">\n\t\t\t\t\t<div class=\"e-con-inner\">\n\t\t\t\t<div class=\"elementor-element elementor-element-2796a39 elementor-widget elementor-widget-heading\" data-id=\"2796a39\" data-element_type=\"widget\" data-widget_type=\"heading.default\">\n\t\t\t\t<div class=\"elementor-widget-container\">\n\t\t\t\t\t<h2 class=\"elementor-heading-title elementor-size-default\"><strong>Contact<\/strong><\/h2>\t\t\t\t<\/div>\n\t\t\t\t<\/div>\n\t\t\t\t\t<\/div>\n\t\t\t\t<\/div>\n\t\t\t\t<\/div>\n\t\t<div class=\"elementor-element elementor-element-8be7938 e-flex e-con-boxed e-con e-parent\" data-id=\"8be7938\" data-element_type=\"container\">\n\t\t\t\t\t<div class=\"e-con-inner\">\n\t\t\t\t<div class=\"elementor-element elementor-element-ba7d91a elementor-widget elementor-widget-text-editor\" data-id=\"ba7d91a\" data-element_type=\"widget\" data-widget_type=\"text-editor.default\">\n\t\t\t\t<div class=\"elementor-widget-container\">\n\t\t\t\t\t\t\t\t\t\n<p><b>Vous souhaitez nous poser une question concernant les informations publi\u00e9es sur le site, mettre en place un projet d\u2019\u00e9tudes, un test en grandes parcelles, un r\u00e9seau d\u2019observations\u2026 ?<\/b><br><br><b>Notre \u00e9quipe est mobilis\u00e9e pour r\u00e9pondre au mieux \u00e0 vos attentes.\n<\/b><br><b>Merci de compl\u00e9ter le formulaire ci-dessous\n<\/b><\/p>\n\t\t\t\t\t\t\t\t<\/div>\n\t\t\t\t<\/div>\n\t\t\t\t\t<\/div>\n\t\t\t\t<\/div>\n\t\t<div class=\"elementor-element elementor-element-9293cb5 e-flex e-con-boxed e-con e-parent\" data-id=\"9293cb5\" data-element_type=\"container\">\n\t\t\t\t\t<div class=\"e-con-inner\">\n\t\t\t\t<div class=\"elementor-element elementor-element-4cd7bb3 fluentform-widget-submit-button-custom elementor-widget elementor-widget-fluent-form-widget\" data-id=\"4cd7bb3\" data-element_type=\"widget\" data-widget_type=\"fluent-form-widget.default\">\n\t\t\t\t<div class=\"elementor-widget-container\">\n\t\t\t\t\t\n            <div class=\"fluentform-widget-wrapper fluentform-widget-align-default\">\n\n            \n            <div class='fluentform ff-default fluentform_wrapper_1 ffs_default_wrap'><form data-form_id=\"1\" id=\"fluentform_1\" class=\"frm-fluent-form fluent_form_1 ff-el-form-top ff_form_instance_1_1 ff-form-loading ffs_default\" data-form_instance=\"ff_form_instance_1_1\" method=\"POST\" ><fieldset  style=\"border: none!important;margin: 0!important;padding: 0!important;background-color: transparent!important;box-shadow: none!important;outline: none!important; min-inline-size: 100%;\">\n                    <legend class=\"ff_screen_reader_title\" style=\"display: block; margin: 0!important;padding: 0!important;height: 0!important;text-indent: -999999px;width: 0!important;overflow:hidden;\">Contact Form<\/legend><p style=\"display: none !important;\" class=\"akismet-fields-container\" data-prefix=\"ak_\"><label>&#916;<textarea name=\"ak_hp_textarea\" cols=\"45\" rows=\"8\" maxlength=\"100\"><\/textarea><\/label><input type=\"hidden\" id=\"ak_js_1\" name=\"ak_js\" value=\"118\"\/><script>document.getElementById( \"ak_js_1\" ).setAttribute( \"value\", ( new Date() ).getTime() );<\/script><\/p><input type='hidden' name='__fluent_form_embded_post_id' value='1429' \/><input type=\"hidden\" id=\"_fluentform_1_fluentformnonce\" name=\"_fluentform_1_fluentformnonce\" value=\"4d53d35e49\" \/><input type=\"hidden\" name=\"_wp_http_referer\" value=\"\/index.php?rest_route=%2Fwp%2Fv2%2Fpages%2F1429\" \/><div data-type=\"name-element\" data-name=\"names\" class=\" ff-field_container ff-name-field-wrapper\" ><div class='ff-t-container'><div class='ff-t-cell '><div class='ff-el-group'><div class=\"ff-el-input--label ff-el-is-required asterisk-right\"><label for='ff_1_names_first_name_' >Pr\u00e9nom<\/label><\/div><div class='ff-el-input--content'><input type=\"text\" name=\"names[first_name]\" id=\"ff_1_names_first_name_\" class=\"ff-el-form-control\" placeholder=\"Pr\u00e9nom\" aria-invalid=\"false\" aria-required=true><\/div><\/div><\/div><div class='ff-t-cell '><div class='ff-el-group'><div class=\"ff-el-input--label ff-el-is-required asterisk-right\"><label for='ff_1_names_last_name_' >Nom<\/label><\/div><div class='ff-el-input--content'><input type=\"text\" name=\"names[last_name]\" id=\"ff_1_names_last_name_\" class=\"ff-el-form-control\" placeholder=\"Nom\" aria-invalid=\"false\" aria-required=true><\/div><\/div><\/div><\/div><\/div><div class='ff-el-group'><div class=\"ff-el-input--label ff-el-is-required asterisk-right\"><label for='ff_1_email' aria-label=\"Email\">Email<\/label><\/div><div class='ff-el-input--content'><input type=\"email\" name=\"email\" id=\"ff_1_email\" class=\"ff-el-form-control\" placeholder=\"Adresse mail\" data-name=\"email\"  aria-invalid=\"false\" aria-required=true><\/div><\/div><div class='ff-el-group'><div class=\"ff-el-input--label ff-el-is-required asterisk-right\"><label for='ff_1_phone_number_1' aria-label=\"Num\u00e9ro de t\u00e9l\u00e9phone\">Num\u00e9ro de t\u00e9l\u00e9phone<\/label><\/div><div class='ff-el-input--content'><input type=\"text\" name=\"phone_number_1\" class=\"ff-el-form-control\" placeholder=\"Num\u00e9ro de t\u00e9l\u00e9phone\" data-name=\"phone_number_1\" id=\"ff_1_phone_number_1\"  aria-invalid=\"false\" aria-required=true><\/div><\/div><div data-type=\"name-element\" data-name=\"company_1\" class=\" ff-field_container ff-name-field-wrapper\" ><div class='ff-t-container'><div class='ff-t-cell '><div class='ff-el-group ff-el-form-top'><div class=\"ff-el-input--label ff-el-is-required asterisk-right\"><label for='ff_1_company_1_first_name_' >Votre entreprise<\/label><\/div><div class='ff-el-input--content'><input type=\"text\" name=\"company_1[first_name]\" id=\"ff_1_company_1_first_name_\" class=\"ff-el-form-control\" placeholder=\"Nom de votre entreprise\" aria-invalid=\"false\" aria-required=true><\/div><\/div><\/div><div class='ff-t-cell '><div class='ff-el-group ff-el-form-top'><div class=\"ff-el-input--label ff-el-is-required asterisk-right\"><label for='ff_1_company_1_last_name_' >Votre fonction<\/label><\/div><div class='ff-el-input--content'><input type=\"text\" name=\"company_1[last_name]\" id=\"ff_1_company_1_last_name_\" class=\"ff-el-form-control\" placeholder=\"Votre fonction\" aria-invalid=\"false\" aria-required=true><\/div><\/div><\/div><\/div><\/div><div class='ff-el-group'><div class=\"ff-el-input--label ff-el-is-required asterisk-right\"><label for='ff_1_subject' aria-label=\"Sujet\">Sujet<\/label><\/div><div class='ff-el-input--content'><input type=\"text\" name=\"subject\" class=\"ff-el-form-control\" placeholder=\"Sujet\" data-name=\"subject\" id=\"ff_1_subject\"  aria-invalid=\"false\" aria-required=true><\/div><\/div><div class='ff-el-group'><div class=\"ff-el-input--label ff-el-is-required asterisk-right\"><label for='ff_1_message' aria-label=\"Votre message\">Votre message<\/label><\/div><div class='ff-el-input--content'><textarea aria-invalid=\"false\" aria-required=true name=\"message\" id=\"ff_1_message\" class=\"ff-el-form-control\" placeholder=\"Votre message\" rows=\"4\" cols=\"2\" data-name=\"message\" ><\/textarea><\/div><\/div><div class='ff-el-group ff-text-left ff_submit_btn_wrapper'><button type=\"submit\" class=\"ff-btn ff-btn-submit ff-btn-md ff_btn_style wpf_has_custom_css\" >Envoyer<\/button><\/div><\/fieldset><\/form><div id='fluentform_1_errors' class='ff-errors-in-stack ff_form_instance_1_1 ff-form-loading_errors ff_form_instance_1_1_errors'><\/div><\/div>        <script type=\"text\/javascript\">\n            window.fluent_form_ff_form_instance_1_1 = {\"id\":\"1\",\"settings\":{\"layout\":{\"labelPlacement\":\"top\",\"helpMessagePlacement\":\"with_label\",\"errorMessagePlacement\":\"inline\",\"cssClassName\":\"\",\"asteriskPlacement\":\"asterisk-right\"},\"restrictions\":{\"denyEmptySubmission\":{\"enabled\":false}}},\"form_instance\":\"ff_form_instance_1_1\",\"form_id_selector\":\"fluentform_1\",\"rules\":{\"names[first_name]\":{\"required\":{\"value\":true,\"message\":\"Ce champ est requis\",\"global\":false,\"global_message\":\"Ce champ est obligatoire\"}},\"names[middle_name]\":{\"required\":{\"value\":false,\"message\":\"This field is required\",\"global\":false,\"global_message\":\"Ce champ est obligatoire\"}},\"names[last_name]\":{\"required\":{\"value\":true,\"message\":\"Ce champ est requis\",\"global\":false,\"global_message\":\"Ce champ est obligatoire\"}},\"email\":{\"required\":{\"value\":true,\"message\":\"Ce champ est requis\",\"global\":false,\"global_message\":\"Ce champ est obligatoire\"},\"email\":{\"value\":true,\"message\":\"Ce champ doit contenir une adresse mail valide\",\"global\":false,\"global_message\":\"Ce champ doit contenir un e-mail valide\"}},\"phone_number_1\":{\"required\":{\"value\":true,\"message\":\"Ce champ est requis\",\"global_message\":\"Ce champ est obligatoire\",\"global\":false}},\"company_1[first_name]\":{\"required\":{\"value\":true,\"message\":\"Ce champ est requis\",\"global_message\":\"Ce champ est obligatoire\",\"global\":false}},\"company_1[middle_name]\":{\"required\":{\"value\":false,\"message\":\"Ce champ est obligatoire\",\"global_message\":\"Ce champ est obligatoire\",\"global\":true}},\"company_1[last_name]\":{\"required\":{\"value\":true,\"message\":\"Ce champ est requis\",\"global_message\":\"Ce champ est obligatoire\",\"global\":false}},\"subject\":{\"required\":{\"value\":true,\"message\":\"Ce champ est requis\",\"global\":false,\"global_message\":\"Ce champ est obligatoire\"}},\"message\":{\"required\":{\"value\":true,\"message\":\"Ce champs est requis\",\"global\":false,\"global_message\":\"Ce champ est obligatoire\"}}},\"debounce_time\":300};\n                    <\/script>\n                    <\/div>\n\n            \t\t\t\t<\/div>\n\t\t\t\t<\/div>\n\t\t\t\t\t<\/div>\n\t\t\t\t<\/div>\n\t\t\t\t<\/div>\n\t\t","protected":false},"excerpt":{"rendered":"<p>Contact Vous souhaitez nous poser une question concernant les informations publi\u00e9es sur le site, mettre en place un projet d\u2019\u00e9tudes, un test en grandes parcelles, un r\u00e9seau d\u2019observations\u2026 ? Notre \u00e9quipe est mobilis\u00e9e pour r\u00e9pondre au mieux \u00e0 vos attentes. Merci de compl\u00e9ter le formulaire ci-dessous Contact Form &#916; Pr\u00e9nomNomEmailNum\u00e9ro [&hellip;]<\/p>\n","protected":false},"author":1,"featured_media":0,"parent":0,"menu_order":0,"comment_status":"closed","ping_status":"closed","template":"page-templates\/template-pagebuilder-full-width.php","meta":{"footnotes":""},"class_list":["post-1429","page","type-page","status-publish","hentry"],"yoast_head":"<!-- This site is optimized with the Yoast SEO plugin v24.0 - https:\/\/yoast.com\/wordpress\/plugins\/seo\/ -->\n<title>Contact - Adquation Etudes et Data Intelligence<\/title>\n<meta name=\"robots\" content=\"index, follow, max-snippet:-1, max-image-preview:large, max-video-preview:-1\" \/>\n<link rel=\"canonical\" href=\"https:\/\/www.adquation-em.fr\/?page_id=1429\" \/>\n<meta property=\"og:locale\" content=\"fr_FR\" \/>\n<meta property=\"og:type\" content=\"article\" \/>\n<meta property=\"og:title\" content=\"Contact - Adquation Etudes et Data Intelligence\" \/>\n<meta property=\"og:description\" content=\"Contact Vous souhaitez nous poser une question concernant les informations publi\u00e9es sur le site, mettre en place un projet d\u2019\u00e9tudes, un test en grandes parcelles, un r\u00e9seau d\u2019observations\u2026 ? Notre \u00e9quipe est mobilis\u00e9e pour r\u00e9pondre au mieux \u00e0 vos attentes. Merci de compl\u00e9ter le formulaire ci-dessous Contact Form &#916; Pr\u00e9nomNomEmailNum\u00e9ro [&hellip;]\" \/>\n<meta property=\"og:url\" content=\"https:\/\/www.adquation-em.fr\/?page_id=1429\" \/>\n<meta property=\"og:site_name\" content=\"Adquation Etudes et Data Intelligence\" \/>\n<meta property=\"article:modified_time\" content=\"2024-09-27T08:06:48+00:00\" \/>\n<meta name=\"twitter:card\" content=\"summary_large_image\" \/>\n<meta name=\"twitter:label1\" content=\"Dur\u00e9e de lecture estim\u00e9e\" \/>\n\t<meta name=\"twitter:data1\" content=\"1 minute\" \/>\n<script type=\"application\/ld+json\" class=\"yoast-schema-graph\">{\"@context\":\"https:\/\/schema.org\",\"@graph\":[{\"@type\":\"WebPage\",\"@id\":\"https:\/\/www.adquation-em.fr\/?page_id=1429\",\"url\":\"https:\/\/www.adquation-em.fr\/?page_id=1429\",\"name\":\"Contact - Adquation Etudes et Data Intelligence\",\"isPartOf\":{\"@id\":\"https:\/\/www.adquation-em.fr\/#website\"},\"datePublished\":\"2024-09-23T09:43:14+00:00\",\"dateModified\":\"2024-09-27T08:06:48+00:00\",\"breadcrumb\":{\"@id\":\"https:\/\/www.adquation-em.fr\/?page_id=1429#breadcrumb\"},\"inLanguage\":\"fr-FR\",\"potentialAction\":[{\"@type\":\"ReadAction\",\"target\":[\"https:\/\/www.adquation-em.fr\/?page_id=1429\"]}]},{\"@type\":\"BreadcrumbList\",\"@id\":\"https:\/\/www.adquation-em.fr\/?page_id=1429#breadcrumb\",\"itemListElement\":[{\"@type\":\"ListItem\",\"position\":1,\"name\":\"Accueil\",\"item\":\"https:\/\/www.adquation-em.fr\/\"},{\"@type\":\"ListItem\",\"position\":2,\"name\":\"Contact\"}]},{\"@type\":\"WebSite\",\"@id\":\"https:\/\/www.adquation-em.fr\/#website\",\"url\":\"https:\/\/www.adquation-em.fr\/\",\"name\":\"Adquation Etudes et Data Intelligence\",\"description\":\"Leader des \u00e9tudes agricoles en France\",\"publisher\":{\"@id\":\"https:\/\/www.adquation-em.fr\/#organization\"},\"potentialAction\":[{\"@type\":\"SearchAction\",\"target\":{\"@type\":\"EntryPoint\",\"urlTemplate\":\"https:\/\/www.adquation-em.fr\/?s={search_term_string}\"},\"query-input\":{\"@type\":\"PropertyValueSpecification\",\"valueRequired\":true,\"valueName\":\"search_term_string\"}}],\"inLanguage\":\"fr-FR\"},{\"@type\":\"Organization\",\"@id\":\"https:\/\/www.adquation-em.fr\/#organization\",\"name\":\"Adquation Etudes et Data Intelligence\",\"url\":\"https:\/\/www.adquation-em.fr\/\",\"logo\":{\"@type\":\"ImageObject\",\"inLanguage\":\"fr-FR\",\"@id\":\"https:\/\/www.adquation-em.fr\/#\/schema\/logo\/image\/\",\"url\":\"https:\/\/www.adquation-em.fr\/wp-content\/uploads\/2024\/05\/cropped-cropped-picto-with-claim_RGB-1.png\",\"contentUrl\":\"https:\/\/www.adquation-em.fr\/wp-content\/uploads\/2024\/05\/cropped-cropped-picto-with-claim_RGB-1.png\",\"width\":2506,\"height\":2161,\"caption\":\"Adquation Etudes et Data Intelligence\"},\"image\":{\"@id\":\"https:\/\/www.adquation-em.fr\/#\/schema\/logo\/image\/\"}}]}<\/script>\n<!-- \/ Yoast SEO plugin. -->","yoast_head_json":{"title":"Contact - Adquation Etudes et Data Intelligence","robots":{"index":"index","follow":"follow","max-snippet":"max-snippet:-1","max-image-preview":"max-image-preview:large","max-video-preview":"max-video-preview:-1"},"canonical":"https:\/\/www.adquation-em.fr\/?page_id=1429","og_locale":"fr_FR","og_type":"article","og_title":"Contact - Adquation Etudes et Data Intelligence","og_description":"Contact Vous souhaitez nous poser une question concernant les informations publi\u00e9es sur le site, mettre en place un projet d\u2019\u00e9tudes, un test en grandes parcelles, un r\u00e9seau d\u2019observations\u2026 ? Notre \u00e9quipe est mobilis\u00e9e pour r\u00e9pondre au mieux \u00e0 vos attentes. Merci de compl\u00e9ter le formulaire ci-dessous Contact Form &#916; Pr\u00e9nomNomEmailNum\u00e9ro [&hellip;]","og_url":"https:\/\/www.adquation-em.fr\/?page_id=1429","og_site_name":"Adquation Etudes et Data Intelligence","article_modified_time":"2024-09-27T08:06:48+00:00","twitter_card":"summary_large_image","twitter_misc":{"Dur\u00e9e de lecture estim\u00e9e":"1 minute"},"schema":{"@context":"https:\/\/schema.org","@graph":[{"@type":"WebPage","@id":"https:\/\/www.adquation-em.fr\/?page_id=1429","url":"https:\/\/www.adquation-em.fr\/?page_id=1429","name":"Contact - Adquation Etudes et Data Intelligence","isPartOf":{"@id":"https:\/\/www.adquation-em.fr\/#website"},"datePublished":"2024-09-23T09:43:14+00:00","dateModified":"2024-09-27T08:06:48+00:00","breadcrumb":{"@id":"https:\/\/www.adquation-em.fr\/?page_id=1429#breadcrumb"},"inLanguage":"fr-FR","potentialAction":[{"@type":"ReadAction","target":["https:\/\/www.adquation-em.fr\/?page_id=1429"]}]},{"@type":"BreadcrumbList","@id":"https:\/\/www.adquation-em.fr\/?page_id=1429#breadcrumb","itemListElement":[{"@type":"ListItem","position":1,"name":"Accueil","item":"https:\/\/www.adquation-em.fr\/"},{"@type":"ListItem","position":2,"name":"Contact"}]},{"@type":"WebSite","@id":"https:\/\/www.adquation-em.fr\/#website","url":"https:\/\/www.adquation-em.fr\/","name":"Adquation Etudes et Data Intelligence","description":"Leader des \u00e9tudes agricoles en France","publisher":{"@id":"https:\/\/www.adquation-em.fr\/#organization"},"potentialAction":[{"@type":"SearchAction","target":{"@type":"EntryPoint","urlTemplate":"https:\/\/www.adquation-em.fr\/?s={search_term_string}"},"query-input":{"@type":"PropertyValueSpecification","valueRequired":true,"valueName":"search_term_string"}}],"inLanguage":"fr-FR"},{"@type":"Organization","@id":"https:\/\/www.adquation-em.fr\/#organization","name":"Adquation Etudes et Data Intelligence","url":"https:\/\/www.adquation-em.fr\/","logo":{"@type":"ImageObject","inLanguage":"fr-FR","@id":"https:\/\/www.adquation-em.fr\/#\/schema\/logo\/image\/","url":"https:\/\/www.adquation-em.fr\/wp-content\/uploads\/2024\/05\/cropped-cropped-picto-with-claim_RGB-1.png","contentUrl":"https:\/\/www.adquation-em.fr\/wp-content\/uploads\/2024\/05\/cropped-cropped-picto-with-claim_RGB-1.png","width":2506,"height":2161,"caption":"Adquation Etudes et Data Intelligence"},"image":{"@id":"https:\/\/www.adquation-em.fr\/#\/schema\/logo\/image\/"}}]}},"jetpack_sharing_enabled":true,"_links":{"self":[{"href":"https:\/\/www.adquation-em.fr\/index.php?rest_route=\/wp\/v2\/pages\/1429","targetHints":{"allow":["GET"]}}],"collection":[{"href":"https:\/\/www.adquation-em.fr\/index.php?rest_route=\/wp\/v2\/pages"}],"about":[{"href":"https:\/\/www.adquation-em.fr\/index.php?rest_route=\/wp\/v2\/types\/page"}],"author":[{"embeddable":true,"href":"https:\/\/www.adquation-em.fr\/index.php?rest_route=\/wp\/v2\/users\/1"}],"replies":[{"embeddable":true,"href":"https:\/\/www.adquation-em.fr\/index.php?rest_route=%2Fwp%2Fv2%2Fcomments&post=1429"}],"version-history":[{"count":20,"href":"https:\/\/www.adquation-em.fr\/index.php?rest_route=\/wp\/v2\/pages\/1429\/revisions"}],"predecessor-version":[{"id":1564,"href":"https:\/\/www.adquation-em.fr\/index.php?rest_route=\/wp\/v2\/pages\/1429\/revisions\/1564"}],"wp:attachment":[{"href":"https:\/\/www.adquation-em.fr\/index.php?rest_route=%2Fwp%2Fv2%2Fmedia&parent=1429"}],"curies":[{"name":"wp","href":"https:\/\/api.w.org\/{rel}","templated":true}]}}